{"id":5318,"date":"2022-12-06T21:32:14","date_gmt":"2022-12-06T20:32:14","guid":{"rendered":"https:\/\/www.youznagold.de\/YOUZ2012\/wordpress\/?page_id=5318"},"modified":"2026-02-03T14:27:15","modified_gmt":"2026-02-03T13:27:15","slug":"schulferienbetreuung","status":"publish","type":"page","link":"https:\/\/www.youznagold.de\/YOUZ2012\/wordpress\/?page_id=5318","title":{"rendered":"Schulferienbetreuung"},"content":{"rendered":"<p><strong>Die Schulferienbetreuung der Grundschulkinder findet entweder an der Lembergschule (organisiert von der Stadt Nagold) oder im YOUZ Nagold (organisiert von der Kinderkiste\/KISS\/KSB) statt.<\/strong><\/p>\n<p><a href=\"https:\/\/www.youznagold.de\/YOUZ2012\/wordpress\/wp-content\/uploads\/2026\/02\/KISS-Plakat-2026.jpg\"><img loading=\"lazy\" decoding=\"async\" class=\"aligncenter wp-image-6166 size-full\" src=\"https:\/\/www.youznagold.de\/YOUZ2012\/wordpress\/wp-content\/uploads\/2026\/02\/KISS-Plakat-2026.jpg\" alt=\"\" width=\"1240\" height=\"1754\" srcset=\"https:\/\/www.youznagold.de\/YOUZ2012\/wordpress\/wp-content\/uploads\/2026\/02\/KISS-Plakat-2026.jpg 1240w, https:\/\/www.youznagold.de\/YOUZ2012\/wordpress\/wp-content\/uploads\/2026\/02\/KISS-Plakat-2026-212x300.jpg 212w, https:\/\/www.youznagold.de\/YOUZ2012\/wordpress\/wp-content\/uploads\/2026\/02\/KISS-Plakat-2026-724x1024.jpg 724w, https:\/\/www.youznagold.de\/YOUZ2012\/wordpress\/wp-content\/uploads\/2026\/02\/KISS-Plakat-2026-768x1086.jpg 768w, https:\/\/www.youznagold.de\/YOUZ2012\/wordpress\/wp-content\/uploads\/2026\/02\/KISS-Plakat-2026-1086x1536.jpg 1086w, https:\/\/www.youznagold.de\/YOUZ2012\/wordpress\/wp-content\/uploads\/2026\/02\/KISS-Plakat-2026-660x934.jpg 660w, https:\/\/www.youznagold.de\/YOUZ2012\/wordpress\/wp-content\/uploads\/2026\/02\/KISS-Plakat-2026-240x339.jpg 240w\" sizes=\"auto, (max-width: 1240px) 100vw, 1240px\" \/><\/a><\/p>\n<p>Eine \u00dcbersicht der Angebote und das aktuelle Anmeldeformular der Stadt finden Sie unter <a href=\"https:\/\/www.nagold.de\/Ferienbetreuung\">https:\/\/www.nagold.de\/Ferienbetreuung<\/a><\/p>\n<p>Informationen zur zweiw\u00f6chigen Ferienbetreuung in den Sommerferien finden Sie auf unserer Homepage unter dem Men\u00fcpunkt <strong>DAXBURG<\/strong>.<\/p>\n<p>Bitte melden sie sich f\u00fcr die Angebote der Kinderkiste einen Monat vor den Ferien am besten per Email an <a href=\"mailto:Betreuung@zellerschule-nagold.de\">Betreuung@zellerschule-nagold.de<\/a> an.<\/p>\n<p>Die Ferienangebote im YOUZ beginnen um 8:00 Uhr und enden je nach Programm um 14:00 oder 15:00 Uhr.<br \/>\nGenaue Informationen erhalten sie etwa einen Monat vor Ferienbeginn.<br \/>\nDie Anmeldung gilt in der Regel erst als verbindlich, wenn diese schriftlich im YOUZ\/Kinderkiste inkl. des daf\u00fcr anfallenden Entgeltes \u00fcberwiesen wurde.<\/p>\n<p>&nbsp;<\/p>\n<p>Bitte beachten:&nbsp;&nbsp;&nbsp;&nbsp;&nbsp;&nbsp;&nbsp;&nbsp;&nbsp;&nbsp;&nbsp;&nbsp;&nbsp;&nbsp;&nbsp;&nbsp;&nbsp;&nbsp;&nbsp;<\/p>\n<ul>\n<li>Das Betreuungsangebot kommt ab einer Mindestgruppengr\u00f6\u00dfe von 8 Kindern zustande (au\u00dfer Daxburg\/Sommersportcamp)<\/li>\n<li>Die Personensorgeberechtigten haben f\u00fcr einen ausreichenden Versicherungsschutz zu sorgen. Die Teilnehmenden bzw. deren Personensorgeberechtigten haften unter anderem f\u00fcr selbst verursachte Sch\u00e4den nach den gesetzlichen Vorschriften.<\/li>\n<li>Eine Aufnahme ist nur mit unterzeichneter Eiwilligungserkl\u00e4rung m\u00f6glich.<\/li>\n<li>Es besteht die M\u00f6glichkeit Einzelferien, entsprechend der oben aufgef\u00fchrten Einteilung zu buchen. Einzeltage k\u00f6nnen jedoch nicht gebucht werden<\/li>\n<li>Nagoldpassinhaber erhalten eine Erm\u00e4\u00dfigung Von jeweils 50% der Betreuungskosten. Bitte beachten Sie, dass eine Nagoldpasserm\u00e4\u00dfigung nur auf Antrag und unter Vorlage des Nagoldpasses gew\u00e4hrt werden kann.<\/li>\n<li>Alle Ferienanbieter behalten sich vor, ein Kind Von der Ferienbetreuung auszuschlie\u00dfen, wenn es sich nicht in die Gemeinschaft einbeziehen l\u00e4sst oder st\u00e4ndig gegen die Anweisungen der Betreuer\/innen verst\u00f6\u00dft.<\/li>\n<li>Es besteht kein Rechtanspruch auf einen Betreuungsplatz. Eine Ablehnung muss nicht begr\u00fcndet werden.&nbsp;<\/li>\n<\/ul>\n<p>&nbsp;<\/p>\n","protected":false},"excerpt":{"rendered":"<p>Die Schulferienbetreuung der Grundschulkinder findet entweder an der Lembergschule (organisiert von der Stadt Nagold) oder im YOUZ Nagold (organisiert von der Kinderkiste\/KISS\/KSB) statt. Eine \u00dcbersicht der Angebote und das aktuelle Anmeldeformular der Stadt finden Sie unter https:\/\/www.nagold.de\/Ferienbetreuung Informationen zur zweiw\u00f6chigen Ferienbetreuung in den Sommerferien finden Sie auf unserer Homepage unter dem Men\u00fcpunkt DAXBURG. Bitte melden [&hellip;]<\/p>\n","protected":false},"author":3,"featured_media":0,"parent":0,"menu_order":0,"comment_status":"closed","ping_status":"closed","template":"","meta":{"ngg_post_thumbnail":0,"footnotes":""},"class_list":["post-5318","page","type-page","status-publish","hentry"],"_links":{"self":[{"href":"https:\/\/www.youznagold.de\/YOUZ2012\/wordpress\/index.php?rest_route=\/wp\/v2\/pages\/5318","targetHints":{"allow":["GET"]}}],"collection":[{"href":"https:\/\/www.youznagold.de\/YOUZ2012\/wordpress\/index.php?rest_route=\/wp\/v2\/pages"}],"about":[{"href":"https:\/\/www.youznagold.de\/YOUZ2012\/wordpress\/index.php?rest_route=\/wp\/v2\/types\/page"}],"author":[{"embeddable":true,"href":"https:\/\/www.youznagold.de\/YOUZ2012\/wordpress\/index.php?rest_route=\/wp\/v2\/users\/3"}],"replies":[{"embeddable":true,"href":"https:\/\/www.youznagold.de\/YOUZ2012\/wordpress\/index.php?rest_route=%2Fwp%2Fv2%2Fcomments&post=5318"}],"version-history":[{"count":14,"href":"https:\/\/www.youznagold.de\/YOUZ2012\/wordpress\/index.php?rest_route=\/wp\/v2\/pages\/5318\/revisions"}],"predecessor-version":[{"id":6169,"href":"https:\/\/www.youznagold.de\/YOUZ2012\/wordpress\/index.php?rest_route=\/wp\/v2\/pages\/5318\/revisions\/6169"}],"wp:attachment":[{"href":"https:\/\/www.youznagold.de\/YOUZ2012\/wordpress\/index.php?rest_route=%2Fwp%2Fv2%2Fmedia&parent=5318"}],"curies":[{"name":"wp","href":"https:\/\/api.w.org\/{rel}","templated":true}]}}

<p><strong>Die Schulferienbetreuung der Grundschulkinder findet entweder an der Lembergschule (organisiert von der Stadt Nagold) oder im YOUZ Nagold (organisiert von der Kinderkiste/KISS/KSB) statt.</strong></p>
<p><a href="https://www.youznagold.de/YOUZ2012/wordpress/wp-content/uploads/2026/02/KISS-Plakat-2026.jpg"><img loading="lazy" decoding="async" class="aligncenter wp-image-6166 size-full" src="https://www.youznagold.de/YOUZ2012/wordpress/wp-content/uploads/2026/02/KISS-Plakat-2026.jpg" alt="" width="1240" height="1754" srcset="https://www.youznagold.de/YOUZ2012/wordpress/wp-content/uploads/2026/02/KISS-Plakat-2026.jpg 1240w, https://www.youznagold.de/YOUZ2012/wordpress/wp-content/uploads/2026/02/KISS-Plakat-2026-212x300.jpg 212w, https://www.youznagold.de/YOUZ2012/wordpress/wp-content/uploads/2026/02/KISS-Plakat-2026-724x1024.jpg 724w, https://www.youznagold.de/YOUZ2012/wordpress/wp-content/uploads/2026/02/KISS-Plakat-2026-768x1086.jpg 768w, https://www.youznagold.de/YOUZ2012/wordpress/wp-content/uploads/2026/02/KISS-Plakat-2026-1086x1536.jpg 1086w, https://www.youznagold.de/YOUZ2012/wordpress/wp-content/uploads/2026/02/KISS-Plakat-2026-660x934.jpg 660w, https://www.youznagold.de/YOUZ2012/wordpress/wp-content/uploads/2026/02/KISS-Plakat-2026-240x339.jpg 240w" sizes="auto, (max-width: 1240px) 100vw, 1240px" /></a></p>
<p>Eine Übersicht der Angebote und das aktuelle Anmeldeformular der Stadt finden Sie unter <a href="https://www.nagold.de/Ferienbetreuung">https://www.nagold.de/Ferienbetreuung</a></p>
<p>Informationen zur zweiwöchigen Ferienbetreuung in den Sommerferien finden Sie auf unserer Homepage unter dem Menüpunkt <strong>DAXBURG</strong>.</p>
<p>Bitte melden sie sich für die Angebote der Kinderkiste einen Monat vor den Ferien am besten per Email an <a href="mailto:Betreuung@zellerschule-nagold.de">Betreuung@zellerschule-nagold.de</a> an.</p>
<p>Die Ferienangebote im YOUZ beginnen um 8:00 Uhr und enden je nach Programm um 14:00 oder 15:00 Uhr.<br />
Genaue Informationen erhalten sie etwa einen Monat vor Ferienbeginn.<br />
Die Anmeldung gilt in der Regel erst als verbindlich, wenn diese schriftlich im YOUZ/Kinderkiste inkl. des dafür anfallenden Entgeltes überwiesen wurde.</p>
<p>&nbsp;</p>
<p>Bitte beachten:&nbsp;&nbsp;&nbsp;&nbsp;&nbsp;&nbsp;&nbsp;&nbsp;&nbsp;&nbsp;&nbsp;&nbsp;&nbsp;&nbsp;&nbsp;&nbsp;&nbsp;&nbsp;&nbsp;</p>
<ul>
<li>Das Betreuungsangebot kommt ab einer Mindestgruppengröße von 8 Kindern zustande (außer Daxburg/Sommersportcamp)</li>
<li>Die Personensorgeberechtigten haben für einen ausreichenden Versicherungsschutz zu sorgen. Die Teilnehmenden bzw. deren Personensorgeberechtigten haften unter anderem für selbst verursachte Schäden nach den gesetzlichen Vorschriften.</li>
<li>Eine Aufnahme ist nur mit unterzeichneter Eiwilligungserklärung möglich.</li>
<li>Es besteht die Möglichkeit Einzelferien, entsprechend der oben aufgeführten Einteilung zu buchen. Einzeltage können jedoch nicht gebucht werden</li>
<li>Nagoldpassinhaber erhalten eine Ermäßigung Von jeweils 50% der Betreuungskosten. Bitte beachten Sie, dass eine Nagoldpassermäßigung nur auf Antrag und unter Vorlage des Nagoldpasses gewährt werden kann.</li>
<li>Alle Ferienanbieter behalten sich vor, ein Kind Von der Ferienbetreuung auszuschließen, wenn es sich nicht in die Gemeinschaft einbeziehen lässt oder ständig gegen die Anweisungen der Betreuer/innen verstößt.</li>
<li>Es besteht kein Rechtanspruch auf einen Betreuungsplatz. Eine Ablehnung muss nicht begründet werden.&nbsp;</li>
</ul>
<p>&nbsp;</p>

<p>Die Schulferienbetreuung der Grundschulkinder findet entweder an der Lembergschule (organisiert von der Stadt Nagold) oder im YOUZ Nagold (organisiert von der Kinderkiste/KISS/KSB) statt. Eine Übersicht der Angebote und das aktuelle Anmeldeformular der Stadt finden Sie unter https://www.nagold.de/Ferienbetreuung Informationen zur zweiwöchigen Ferienbetreuung in den Sommerferien finden Sie auf unserer Homepage unter dem Menüpunkt DAXBURG. Bitte melden [&hellip;]</p>
