{"id":3431,"date":"2017-12-29T17:48:43","date_gmt":"2017-12-29T16:48:43","guid":{"rendered":"http:\/\/www.youznagold.de\/YOUZ2012\/wordpress\/?page_id=3431"},"modified":"2018-01-09T14:48:44","modified_gmt":"2018-01-09T13:48:44","slug":"internationales","status":"publish","type":"page","link":"https:\/\/www.youznagold.de\/YOUZ2012\/wordpress\/?page_id=3431","title":{"rendered":"Internationales"},"content":{"rendered":"<p>Wichtig f\u00fcr das Miteinander im hier und jetzt ist das gegenseitige Kennenlernen.<br \/>\nNur so k\u00f6nnen Klischees und Vorurteile abgebaut werden.<\/p>\n<p>Dazu geh\u00f6rt es auch, die Kultur und Traditionen des jeweiligen Jungen Menschen zu verstehen. So k\u00f6nnen Freundschaften entstehen.<\/p>\n<p>Schwerpunkte der letzten Jahre waren Italien und die T\u00fcrkei.<\/p>\n<p>&nbsp;<\/p>\n<p>Bitte w\u00e4hlen Sie im Men\u00fc einen Unterpunkt f\u00fcr Bidlergalerien und Informationen zu unseren internationalen Angeboten.<\/p>\n","protected":false},"excerpt":{"rendered":"<p>Wichtig f\u00fcr das Miteinander im hier und jetzt ist das gegenseitige Kennenlernen. Nur so k\u00f6nnen Klischees und Vorurteile abgebaut werden. Dazu geh\u00f6rt es auch, die Kultur und Traditionen des jeweiligen Jungen Menschen zu verstehen. So k\u00f6nnen Freundschaften entstehen. Schwerpunkte der letzten Jahre waren Italien und die T\u00fcrkei. &nbsp; Bitte w\u00e4hlen Sie im Men\u00fc einen Unterpunkt [&hellip;]<\/p>\n","protected":false},"author":3,"featured_media":0,"parent":0,"menu_order":0,"comment_status":"closed","ping_status":"closed","template":"","meta":{"ngg_post_thumbnail":0,"footnotes":""},"class_list":["post-3431","page","type-page","status-publish","hentry"],"_links":{"self":[{"href":"https:\/\/www.youznagold.de\/YOUZ2012\/wordpress\/index.php?rest_route=\/wp\/v2\/pages\/3431","targetHints":{"allow":["GET"]}}],"collection":[{"href":"https:\/\/www.youznagold.de\/YOUZ2012\/wordpress\/index.php?rest_route=\/wp\/v2\/pages"}],"about":[{"href":"https:\/\/www.youznagold.de\/YOUZ2012\/wordpress\/index.php?rest_route=\/wp\/v2\/types\/page"}],"author":[{"embeddable":true,"href":"https:\/\/www.youznagold.de\/YOUZ2012\/wordpress\/index.php?rest_route=\/wp\/v2\/users\/3"}],"replies":[{"embeddable":true,"href":"https:\/\/www.youznagold.de\/YOUZ2012\/wordpress\/index.php?rest_route=%2Fwp%2Fv2%2Fcomments&post=3431"}],"version-history":[{"count":5,"href":"https:\/\/www.youznagold.de\/YOUZ2012\/wordpress\/index.php?rest_route=\/wp\/v2\/pages\/3431\/revisions"}],"predecessor-version":[{"id":3537,"href":"https:\/\/www.youznagold.de\/YOUZ2012\/wordpress\/index.php?rest_route=\/wp\/v2\/pages\/3431\/revisions\/3537"}],"wp:attachment":[{"href":"https:\/\/www.youznagold.de\/YOUZ2012\/wordpress\/index.php?rest_route=%2Fwp%2Fv2%2Fmedia&parent=3431"}],"curies":[{"name":"wp","href":"https:\/\/api.w.org\/{rel}","templated":true}]}}