{"id":3178,"date":"2017-09-13T17:46:56","date_gmt":"2017-09-13T15:46:56","guid":{"rendered":"http:\/\/www.youznagold.de\/YOUZ2012\/wordpress\/?page_id=3178"},"modified":"2024-01-13T09:36:01","modified_gmt":"2024-01-13T08:36:01","slug":"wiestalschule-kernen","status":"publish","type":"page","link":"https:\/\/www.youznagold.de\/YOUZ2012\/wordpress\/?page_id=3178","title":{"rendered":"Wiestalschule Kernen"},"content":{"rendered":"<p><strong><img loading=\"lazy\" decoding=\"async\" class=\"alignleft size-medium wp-image-4758\" src=\"https:\/\/www.youznagold.de\/YOUZ2012\/wordpress\/wp-content\/uploads\/2020\/11\/TabeaWagner-200x300.jpg\" alt=\"\" width=\"200\" height=\"300\" srcset=\"https:\/\/www.youznagold.de\/YOUZ2012\/wordpress\/wp-content\/uploads\/2020\/11\/TabeaWagner-200x300.jpg 200w, https:\/\/www.youznagold.de\/YOUZ2012\/wordpress\/wp-content\/uploads\/2020\/11\/TabeaWagner-240x360.jpg 240w, https:\/\/www.youznagold.de\/YOUZ2012\/wordpress\/wp-content\/uploads\/2020\/11\/TabeaWagner.jpg 600w\" sizes=\"auto, (max-width: 200px) 100vw, 200px\" \/>Tabea Wagner<\/strong><br \/>\nSchulsozialarbeit Wiestalschule Kernen<br \/>\n<span class=\"LrzXr\">Theodor-Heuss-Stra\u00dfe 70<br \/>\n<\/span><span class=\"LrzXr\">72202 Nagold<\/span><\/p>\n<p>Telefon: 0177\/4241698<br \/>\n<a href=\"mailto:tabea.wagner@youznagold.de\">Tabea.Wagner@youznagold.de<\/a><\/p>\n<p>&nbsp;<\/p>\n<p>&nbsp;<\/p>\n<p>&nbsp;<\/p>\n<p>Liebe Sch\u00fclerinnen und Sch\u00fcler, liebe Eltern und Erziehungsberechtigte,<br \/>\nliebe Lehrkr\u00e4fte,<\/p>\n<p>seit dem 01. Januar 2021 bin ich an der Wiestalschule Emmingen\/Au\u00dfenstelle Kernen in Nagold als Schulsozialarbeiterin t\u00e4tig.<br \/>\nDie Tr\u00e4gerschaft f\u00fcr diese Stelle obliegt dem YOUZ Nagold e. V..<\/p>\n<p>Schulsozialarbeit ist ein Beratungs- und Unterst\u00fctzungsangebot der Jugendhilfe und&nbsp; bedeutet, dass sozialp\u00e4dagogische Fachkr\u00e4fte kontinuierlich an einem wichtigen<br \/>\nLebensort von Kindern und Jugendlichen eingesetzt werden. Sie ist ein Angebot f\u00fcr<br \/>\nalle Sch\u00fclerinnen und Sch\u00fcler, deren Eltern und die Lehrkr\u00e4fte. Sie kann in Form von Einzelfallhilfe oder Gruppenarbeit stattfinden.<\/p>\n<p>Ebenso ist die Vernetzung mit anderen Einrichtungen innerhalb der Gemeinde ein<br \/>\nBestandteil der Schulsozialarbeit.<\/p>\n<p><u><br \/>\nKonkret bedeutet Schulsozialarbeit f\u00fcr mich:<\/u><\/p>\n<ul>\n<li>F\u00f6rderung und St\u00e4rkung der schulischen, pers\u00f6nlichen und sozialen Entwicklung<\/li>\n<li>Pr\u00e4ventive Arbeit, um Konfliktsituationen entgegenzuwirken, z. B. durch<br \/>\ngewaltfreie Kommunikation, soziales Lernen in der Gruppe<\/li>\n<li>Unterst\u00fctzung in Konflikt- und Krisensituationen<\/li>\n<li>Ausbau und Stabilisierung von sozialen Kompetenzen<\/li>\n<li>Reduzierung von problematischen Situationen, sowie Belastungen und<br \/>\nBenachteiligungen<\/li>\n<li>Beratung der Eltern<\/li>\n<li>Beratung von und Kooperation mit den Lehrkr\u00e4ften<\/li>\n<li>Netzwerkarbeit<\/li>\n<\/ul>\n<p>In meiner t\u00e4glichen Arbeit ist mir ein wertsch\u00e4tzender Umgang miteinander sehr<br \/>\nwichtig. Nur dadurch l\u00e4sst sich meiner Meinung nach Vertrauen und somit eine<br \/>\nBeziehung zu meinem Gegen\u00fcber aufbauen. Ich setze bei den F\u00e4higkeiten und<br \/>\nSt\u00e4rken des Einzelnen an. Die Anerkennung einer Person und das von ihr bisher<br \/>\nGeleistete \/ Erreichte st\u00e4rkt ihr Selbstbewusstsein und macht eine gute<br \/>\nZusammenarbeit m\u00f6glich.<\/p>\n<p>Ebenso sehe ich die Sch\u00fclerinnen und Sch\u00fcler, die sich in verschiedenen Systemen wie Familie, Schule, Freunde und Freizeit entwickeln und darin unterschiedlich<br \/>\nverhalten und handeln. Deshalb ist auch der Kontakt zu den sozialen Netzwerken ein Bestandteil meiner T\u00e4tigkeit.<\/p>\n<p>Wichtig zu wissen ist auch, dass meine Arbeit grunds\u00e4tzlich der Schweigepflicht<br \/>\nunterliegt. Immer wieder k\u00f6nnen jedoch Unterst\u00fctzungsangebote von Dritten<br \/>\nerforderlich sein, welche bestimmte Informationen von mir ben\u00f6tigen. Sollte dieser Fall auftreten, werden diese jedoch nur mit dem Einverst\u00e4ndnis des\/der zu Beratenden<br \/>\nweitergegeben.<\/p>\n<p>F\u00fcr Fragen oder Terminvereinbarungen bin ich in der Regel von Montag bis Freitag zwischen 08.30 Uhr und 12.30 Uhr telefonisch oder per Mail erreichbar.<\/p>\n<p>Individuelle Terminvereinbarungen au\u00dferhalb dieser Zeiten k\u00f6nnen zus\u00e4tzlich m\u00f6glich gemacht werden.<\/p>\n<p>Ich freue mich auf eine gute Zusammenarbeit.<\/p>\n<p>&nbsp;<\/p>\n","protected":false},"excerpt":{"rendered":"<p>Tabea Wagner Schulsozialarbeit Wiestalschule Kernen Theodor-Heuss-Stra\u00dfe 70 72202 Nagold Telefon: 0177\/4241698 Tabea.Wagner@youznagold.de &nbsp; &nbsp; &nbsp; Liebe Sch\u00fclerinnen und Sch\u00fcler, liebe Eltern und Erziehungsberechtigte, liebe Lehrkr\u00e4fte, seit dem 01. Januar 2021 bin ich an der Wiestalschule Emmingen\/Au\u00dfenstelle Kernen in Nagold als Schulsozialarbeiterin t\u00e4tig. Die Tr\u00e4gerschaft f\u00fcr diese Stelle obliegt dem YOUZ Nagold e. V.. Schulsozialarbeit ist [&hellip;]<\/p>\n","protected":false},"author":3,"featured_media":0,"parent":0,"menu_order":0,"comment_status":"closed","ping_status":"closed","template":"","meta":{"ngg_post_thumbnail":0,"footnotes":""},"class_list":["post-3178","page","type-page","status-publish","hentry"],"_links":{"self":[{"href":"https:\/\/www.youznagold.de\/YOUZ2012\/wordpress\/index.php?rest_route=\/wp\/v2\/pages\/3178","targetHints":{"allow":["GET"]}}],"collection":[{"href":"https:\/\/www.youznagold.de\/YOUZ2012\/wordpress\/index.php?rest_route=\/wp\/v2\/pages"}],"about":[{"href":"https:\/\/www.youznagold.de\/YOUZ2012\/wordpress\/index.php?rest_route=\/wp\/v2\/types\/page"}],"author":[{"embeddable":true,"href":"https:\/\/www.youznagold.de\/YOUZ2012\/wordpress\/index.php?rest_route=\/wp\/v2\/users\/3"}],"replies":[{"embeddable":true,"href":"https:\/\/www.youznagold.de\/YOUZ2012\/wordpress\/index.php?rest_route=%2Fwp%2Fv2%2Fcomments&post=3178"}],"version-history":[{"count":16,"href":"https:\/\/www.youznagold.de\/YOUZ2012\/wordpress\/index.php?rest_route=\/wp\/v2\/pages\/3178\/revisions"}],"predecessor-version":[{"id":5624,"href":"https:\/\/www.youznagold.de\/YOUZ2012\/wordpress\/index.php?rest_route=\/wp\/v2\/pages\/3178\/revisions\/5624"}],"wp:attachment":[{"href":"https:\/\/www.youznagold.de\/YOUZ2012\/wordpress\/index.php?rest_route=%2Fwp%2Fv2%2Fmedia&parent=3178"}],"curies":[{"name":"wp","href":"https:\/\/api.w.org\/{rel}","templated":true}]}}

<p><strong><img loading="lazy" decoding="async" class="alignleft size-medium wp-image-4758" src="https://www.youznagold.de/YOUZ2012/wordpress/wp-content/uploads/2020/11/TabeaWagner-200x300.jpg" alt="" width="200" height="300" srcset="https://www.youznagold.de/YOUZ2012/wordpress/wp-content/uploads/2020/11/TabeaWagner-200x300.jpg 200w, https://www.youznagold.de/YOUZ2012/wordpress/wp-content/uploads/2020/11/TabeaWagner-240x360.jpg 240w, https://www.youznagold.de/YOUZ2012/wordpress/wp-content/uploads/2020/11/TabeaWagner.jpg 600w" sizes="auto, (max-width: 200px) 100vw, 200px" />Tabea Wagner</strong><br />
Schulsozialarbeit Wiestalschule Kernen<br />
<span class="LrzXr">Theodor-Heuss-Straße 70<br />
</span><span class="LrzXr">72202 Nagold</span></p>
<p>Telefon: 0177/4241698<br />
<a href="mailto:tabea.wagner@youznagold.de">Tabea.Wagner@youznagold.de</a></p>
<p>&nbsp;</p>
<p>&nbsp;</p>
<p>&nbsp;</p>
<p>Liebe Schülerinnen und Schüler, liebe Eltern und Erziehungsberechtigte,<br />
liebe Lehrkräfte,</p>
<p>seit dem 01. Januar 2021 bin ich an der Wiestalschule Emmingen/Außenstelle Kernen in Nagold als Schulsozialarbeiterin tätig.<br />
Die Trägerschaft für diese Stelle obliegt dem YOUZ Nagold e. V..</p>
<p>Schulsozialarbeit ist ein Beratungs- und Unterstützungsangebot der Jugendhilfe und&nbsp; bedeutet, dass sozialpädagogische Fachkräfte kontinuierlich an einem wichtigen<br />
Lebensort von Kindern und Jugendlichen eingesetzt werden. Sie ist ein Angebot für<br />
alle Schülerinnen und Schüler, deren Eltern und die Lehrkräfte. Sie kann in Form von Einzelfallhilfe oder Gruppenarbeit stattfinden.</p>
<p>Ebenso ist die Vernetzung mit anderen Einrichtungen innerhalb der Gemeinde ein<br />
Bestandteil der Schulsozialarbeit.</p>
<p><u><br />
Konkret bedeutet Schulsozialarbeit für mich:</u></p>
<ul>
<li>Förderung und Stärkung der schulischen, persönlichen und sozialen Entwicklung</li>
<li>Präventive Arbeit, um Konfliktsituationen entgegenzuwirken, z. B. durch<br />
gewaltfreie Kommunikation, soziales Lernen in der Gruppe</li>
<li>Unterstützung in Konflikt- und Krisensituationen</li>
<li>Ausbau und Stabilisierung von sozialen Kompetenzen</li>
<li>Reduzierung von problematischen Situationen, sowie Belastungen und<br />
Benachteiligungen</li>
<li>Beratung der Eltern</li>
<li>Beratung von und Kooperation mit den Lehrkräften</li>
<li>Netzwerkarbeit</li>
</ul>
<p>In meiner täglichen Arbeit ist mir ein wertschätzender Umgang miteinander sehr<br />
wichtig. Nur dadurch lässt sich meiner Meinung nach Vertrauen und somit eine<br />
Beziehung zu meinem Gegenüber aufbauen. Ich setze bei den Fähigkeiten und<br />
Stärken des Einzelnen an. Die Anerkennung einer Person und das von ihr bisher<br />
Geleistete / Erreichte stärkt ihr Selbstbewusstsein und macht eine gute<br />
Zusammenarbeit möglich.</p>
<p>Ebenso sehe ich die Schülerinnen und Schüler, die sich in verschiedenen Systemen wie Familie, Schule, Freunde und Freizeit entwickeln und darin unterschiedlich<br />
verhalten und handeln. Deshalb ist auch der Kontakt zu den sozialen Netzwerken ein Bestandteil meiner Tätigkeit.</p>
<p>Wichtig zu wissen ist auch, dass meine Arbeit grundsätzlich der Schweigepflicht<br />
unterliegt. Immer wieder können jedoch Unterstützungsangebote von Dritten<br />
erforderlich sein, welche bestimmte Informationen von mir benötigen. Sollte dieser Fall auftreten, werden diese jedoch nur mit dem Einverständnis des/der zu Beratenden<br />
weitergegeben.</p>
<p>Für Fragen oder Terminvereinbarungen bin ich in der Regel von Montag bis Freitag zwischen 08.30 Uhr und 12.30 Uhr telefonisch oder per Mail erreichbar.</p>
<p>Individuelle Terminvereinbarungen außerhalb dieser Zeiten können zusätzlich möglich gemacht werden.</p>
<p>Ich freue mich auf eine gute Zusammenarbeit.</p>
<p>&nbsp;</p>

<p>Tabea Wagner Schulsozialarbeit Wiestalschule Kernen Theodor-Heuss-Straße 70 72202 Nagold Telefon: 0177/4241698 Tabea.Wagner@youznagold.de &nbsp; &nbsp; &nbsp; Liebe Schülerinnen und Schüler, liebe Eltern und Erziehungsberechtigte, liebe Lehrkräfte, seit dem 01. Januar 2021 bin ich an der Wiestalschule Emmingen/Außenstelle Kernen in Nagold als Schulsozialarbeiterin tätig. Die Trägerschaft für diese Stelle obliegt dem YOUZ Nagold e. V.. Schulsozialarbeit ist [&hellip;]</p>
